its digit of z?
2
Let s(l) = -6*l + 59*l**2 - 2*l + 0*l - 2 + 10*l. Suppose 3*p + 2*p = 5. What is the tens digit of s(p)?
5
What is the ten thousands digit of 17 - (33180 - -4)/(-2)?
1
Let b(d) be the third derivative of d**4 - d**3/6 + 4*d**2. Let r be b(2). Suppose -5*f - r = -6*f. What is the units digit of f?
7
Let a be (((-462)/24)/11)/(2/8). What is the tens digit of (3078/(-63))/(1/a)?
4
Let x = 697 - -179. Suppose 3*n - x = -n. Suppose -b = -4*w + n, 5*w - 267 = -0*w - b. What is the tens digit of w?
5
Let f(y) = -2*y**2 - 14*y - 8. Let t be f(-6). Let p be 0/((t/6)/((-6)/(-9))). Suppose -18*u + 17*u + 57 = p. What is the tens digit of u?
5
Let d = -118 + 179. Suppose 5*v + 5*j - 685 = 0, -v + 66 = -j - d. What is the units digit of v?
2
Let i = 65 - 65. Suppose 4*m - 2*f - 374 = i, 19*m - 22*m - 2*f = -270. What is the units digit of m?
2
Let v = 1758 + -808. Suppose -181*k + v = -176*k. What is the tens digit of k?
9
Let x be 142/2 + 5/5. Suppose 1514*h - 1519*h = -215. Let q = h + x. What is the tens digit of q?
1
Let w(z) = -7*z - 22. Let m be w(-4). Suppose -25 = -5*f, h = -m*f + 4*f + 480. What is the tens digit of h?
7
Suppose 5*o = 3*k + 11, 2 = 3*o - 3*k - 1. Suppose -o*w = 4*s + 12, 0 = 2*w - 3*w - 5. Suppose r + s*r = -2*q + 302, 4*r - 388 = q. What is the tens digit of r?
9
Suppose -4*w = 16 - 0. Let v be w/22 + 2280/(-44). Let z = v - -111. What is the units digit of z?
9
Let z = 75 - 27. Suppose 7 = 4*g - 1, 4*k = -2*g - z. Let l = 3 - k. What is the units digit of l?
6
Suppose 612739 + 1159538 = 39*h. What is the thousands digit of h?
5
Suppose 3*o = 3*a - 53040, -3*a - 145*o + 53039 = -149*o. What is the ten thousands digit of a?
1
Let m(y) = -7*y**2 - 5*y + 6. Let j be m(1). Let s(a) = -3*a**3 - 8*a**2 + 4*a + 11. What is the units digit of s(j)?
7
Let q(k) be the first derivative of -2*k**2 + 36*k + 2. Let d(a) = -a**2 + 71*a - 564. Let g be d(62). What is the tens digit of q(g)?
6
Suppose -167 = -2*k + l, 4*l = -15 + 3. Suppose -c = -2 - 1. Suppose c*b + k = n + 3*n, -2*b - 4 = 0. What is the units digit of n?
9
Let y = 23745 - 12119. What is the units digit of y?
6
Suppose -4*m + 10 = -2*o, -5*o + 3*m = -9 - 1. Suppose -3*r = 5*f - 161, -r = o*f - 37 - 20. What is the tens digit of (-12)/(-8)*r/6?
1
Let y be -374*(-3)/(-18)*2*3. Let h = y - -443. What is the units digit of h?
9
Suppose 5*u + 5*y + 65 = 0, 0*u - 4*y = 5*u + 67. What is the hundreds digit of u/(-10) - ((-19164)/8)/3?
8
Let k = 100 - 98. What is the tens digit of 4 - (k + 0) - -19?
2
Let c be 6 - -1 - (-8 + -6 + 19). Suppose -1136 = -4*k - 2*b, c*b - 822 - 598 = -5*k. What is the tens digit of k?
8
Let h(v) = 743*v - 7053. What is the thousands digit of h(77)?
0
Let l = -5408 - -8258. What is the hundreds digit of l?
8
Let m = 27340 - 6648. What is the ten thousands digit of m?
2
Suppose 49 = -13*s + 62. Let a(t) = 1 - 4 + 16*t - 2*t. What is the tens digit of a(s)?
1
Let a(i) be the first derivative of -4*i**2 + i + 8/3*i**3 + 5. What is the units digit of a(-3)?
7
Suppose -4*h = -12, -4*d + 452 - 131 = 3*h. Suppose -8*t + 11*t - d = 0. What is the tens digit of (1157/t)/(1/2)?
8
Let a(j) = -13*j**2 + 5*j - 25. Let z be a(6). Let n = 1466 + z. Suppose -7*v - n = -2746. What is the units digit of v?
9
Let l = 10135 - -8279. What is the thousands digit of l?
8
Suppose 53551 = 3*n - 305*o + 301*o, 35647 = 2*n + 5*o. What is the ten thousands digit of n?
1
Suppose 0 = 18*a - 167722 - 152624. What is the hundreds digit of a?
7
Let h = -613 + 617. Suppose -6*c + h*c = 4, -5*c - 1460 = -2*x. What is the tens digit of x?
2
Let m = 12591 - 7995. What is the units digit of m?
6
Let t(r) = -355*r - 3459. What is the units digit of t(-11)?
6
Suppose -45*u + 42*u + 207 = 0. Suppose -u*i + 85887 = -46248. What is the tens digit of i?
1
Let m(j) = -j**3 - 7*j**2 - 7*j - 3. Let r be m(-6). Let b = -365 + 362. What is the units digit of (24 + r - -2) + b?
6
Suppose -5*d = 5*c - 129030, -13*d + 77425 = -10*d - 4*c. What is the thousands digit of d?
5
Let g(b) = 20*b**2 + 8*b - 67. Let u be g(6). Suppose -24*r + 9475 = -u. What is the units digit of r?
4
Let c(l) = l**3 - 27*l**2 - 54*l + 76. Suppose 157 + 53 = 7*v. What is the thousands digit of c(v)?
1
Let f(c) = 515*c**2 - 174*c - 84. What is the ten thousands digit of f(10)?
4
What is the thousands digit of 2064 + (11 - (6 - 1))?
2
Suppose 0 = 18*k - 10*k - 13336. Let t = k + -307. What is the tens digit of t?
6
Let p = 469 + -244. Let f be (-4)/(-7) - -4*(-1082)/28. Let u = f + p. What is the units digit of u?
1
Let s(p) = -p**2 - 14*p + 65. Let r be s(4). Let b(q) = -q**3 + 8*q - 9. What is the tens digit of b(r)?
7
Let w(b) = 508*b**2 + 14*b - 93. What is the units digit of w(9)?
1
Suppose -7*a + 39 = 4. Suppose -5*n = -2*u - 2455, 6*u = -a*n + 2*u + 2425. What is the tens digit of n?
8
Let g = -3618 + 9435. What is the units digit of g?
7
Let q(n) = 2*n - 1. Let k(w) = w - 1. Let p(z) = 5*k(z) - 3*q(z). Let j be p(-6). What is the tens digit of 54*(j + 24/(-9))?
7
Let m(w) be the first derivative of -w**4 - 8*w**3/3 - 3*w**2 - 21*w + 173. What is the units digit of m(-7)?
1
Let c be -4*(3 - 3/6). Let x(r) be the third derivative of -2*r**4/3 + 4*r**3/3 - r**2. What is the units digit of x(c)?
8
Let u = 188 + -153. Suppose n + 32266 = u*n. What is the hundreds digit of n?
9
Let o(n) = -24*n**2 + 2151*n - 47. What is the ten thousands digit of o(49)?
4
Let r(a) = 89*a**2 + a**3 + 758 + 90*a**2 - 181*a**2 - a. What is the tens digit of r(0)?
5
Let h(l) = -1132*l + 134. What is the thousands digit of h(-1)?
1
Let v = -335 + 340. Suppose 2*w + 2*x - 687 = -w, 0 = -v*w + 2*x + 1145. What is the units digit of w?
9
Suppose 13*v = 34*v. Suppose -1199 = -5*c - 2*h, -1185 = -5*c - v*c + 5*h. What is the tens digit of c?
3
Let j = -48 + 60. Suppose -7*h = -j*h + 35. Suppose -4*n = 3*w - 95, 59 = 3*n + 4*w - h. What is the units digit of n?
6
Let v(l) = -l**3 - 11*l**2 + 25*l - 11. Let r be v(-13). Let p(q) = 208*q + 9. What is the hundreds digit of p(r)?
4
Let m = 5336 + -4149. What is the units digit of m?
7
Suppose 4*l + 3125 = -5*p, 1563 = -2*l - 6*p + 3*p. What is the units digit of ((-10)/(-25))/(-2*1/l)?
6
Let l(i) = i**3 - 3*i**2 + 7*i + 7. Let q be l(5). Suppose -5*d - 2*k = -q, 2*d + 7*k = 2*k + 20. Suppose -130 = -22*z + d*z. What is the units digit of z?
5
Suppose -2*t = -8*t. Suppose t*s + 4*s = 752. Suppose 5*m + 47 = j, 0*j - 5*m + s = 4*j. What is the tens digit of j?
4
Let f = 3452 + -3052. Let a = 235 - 483. Let n = a + f. What is the tens digit of n?
5
Suppose -2*c = 5*q - 170, -2*q + 49 = -7*c + 4*c. Let x be (24 - 27) + -2 + 7. Suppose -x*t - 158 = -4*s - 30, -s - t = -q. What is the units digit of s?
2
Suppose g = -1 - 3. Let x(i) = 160*i - 51*i - 57*i - 57*i + 3. What is the units digit of x(g)?
3
Let g = -1674 - -2544. Suppose -5*a = -2*h - 3*h - 1460, 3*a = h + g. What is the hundreds digit of a?
2
Let z(a) = -26*a + 44. Let b be z(11). Let c = 587 + b. What is the hundreds digit of c?
3
Let r = 27 + -26. Suppose r = 2*i - 5. Suppose i*z = z + 112. What is the tens digit of z?
5
Let t be 5/(-75)*-51 - 12/(-20). Suppose 850 = t*k - 5*w - 1469, -w - 579 = -k. What is the tens digit of k?
7
Suppose -3*f + 4*i + 17932 = 0, -3*f + 50*i + 17900 = 54*i. What is the hundreds digit of f?
9
Let h(i) = i**3 - i**2 - 13*i + 6. Suppose 12 = -2*c + 5*c. Let y be h(c). Suppose 0 = 2*j - 2, 3*u - 4 = y*j + 57. What is the units digit of u?
1
Suppose -932629 - 1551437 = -78*q. What is the units digit of q?
7
Suppose -1982 = 115*o - 11692 - 3515. What is the units digit of o?
5
Suppose 4*f - 3*w - 15 = f, 3*f = -5*w + 39. Let z(o) = o**3 - 7*o**2 + 9*o + 6. What is the tens digit of z(f)?
4
Let l = -22369 + 57792. What is the thousands digit of l?
5
Suppose -v + l + 4339 = 0, -18*v + 13019 = -15*v - l. What is the units digit of v?
0
Suppose 161 = 3*w + u, -9*u + 4*u = -3*w + 167. Let r = 41 - 59. Let x = w - r. What is the units digit of x?
2
Suppose 133*o = 135*o + 4*j - 4924, -3*o + 7435 = -j. What is the thousands digit of o?
2
Suppose -4*v + 9 = -5*m, 4*m + 5*v = 9*m + 5. What is the tens digit of -2 - (m/(-10))/((-2)/1732)?
3
Let z = 44918 - 30733. What is the units digit of z?
5
Suppose 13*i + 56 = 719. 